58896?
16
Calculate the highest common divisor of 1011 and 24601.
337
What is the greatest common factor of 4128 and 195220?
172
Calculate the greatest common factor of 657 and 2547.
9
What is the greatest common divisor of 8988 and 812?
28
Calculate the highest common factor of 525 and 61635.
105
What is the greatest common factor of 192717 and 69?
69
What is the greatest common factor of 30252 and 24?
12
What is the highest common divisor of 78888 and 33288?
456
What is the greatest common factor of 2106835 and 1055?
1055
What is the greatest common divisor of 16 and 69104?
16
What is the highest common factor of 58620 and 180?
60
What is the greatest common factor of 28313 and 69?
23
What is the highest common divisor of 263 and 2681285?
263
Calculate the highest common divisor of 9210 and 40.
10
What is the highest common factor of 2415 and 261303?
483
Calculate the greatest common factor of 126 and 280926.
18
What is the highest common factor of 3591 and 12159?
63
What is the highest common divisor of 5 and 2391955?
5
What is the highest common divisor of 25623 and 1679?
73
What is the highest common divisor of 29923 and 2392?
23
What is the greatest common factor of 51699 and 114?
57
Calculate the greatest common factor of 4611 and 55680.
87
What is the highest common divisor of 24412 and 544?
68
Calculate the highest common factor of 320 and 53680.
80
What is the greatest common factor of 560 and 580?
20
What is the greatest common divisor of 80 and 27760?
80
What is the greatest common factor of 4365 and 1515?
15
Calculate the highest common divisor of 1134 and 21742.
14
Calculate the greatest common factor of 4069 and 2171.
13
Calculate the greatest common divisor of 2820 and 4800.
60
What is the greatest common factor of 6875 and 100?
25
Calculate the greatest common divisor of 2520 and 19080.
360
Calculate the highest common divisor of 177597 and 1953.
63
Calculate the greatest common divisor of 312116 and 942.
314
Calculate the highest common divisor of 1817980 and 340.
340
What is the greatest common divisor of 101458 and 854?
14
What is the highest common factor of 89 and 147473?
89
What is the highest common factor of 104 and 45512?
8
Calculate the highest common divisor of 375 and 19965.
15
What is the highest common factor of 257 and 26471?
257
Calculate the highest common factor of 454515 and 314.
157
Calculate the greatest common factor of 5709 and 7235206.
1903
Calculate the highest common divisor of 365 and 14530.
5
What is the greatest common divisor of 545 and 2769145?
545
Calculate the highest common divisor of 17613 and 1539.
171
What is the highest common factor of 7 and 103465?
1
Calculate the highest common divisor of 3219948 and 4.
4
What is the greatest common divisor of 31354 and 3598?
514
Calculate the greatest common factor of 832 and 13052.
52
What is the greatest common factor of 27 and 2233521?
27
Calculate the highest common divisor of 10 and 620260.
10
Calculate the highest common divisor of 32 and 3338336.
32
What is the greatest common factor of 46025 and 175?
175
Calculate the greatest common factor of 329 and 57857.
47
What is the highest common divisor of 10603 and 115?
23
Calculate the highest common factor of 287451 and 5301.
171
Calculate the greatest common divisor of 31 and 871813.
31
What is the highest common factor of 2478401 and 7516?
1879
Calculate the greatest common factor of 21562 and 13.
1
Calculate the highest common divisor of 27262 and 860.
86
Calculate the highest common divisor of 20597 and 24553.
43
What is the greatest common factor of 100320 and 1280?
160
What is the greatest common factor of 323 and 82?
1
Calculate the greatest common divisor of 1091 and 290206.
1091
What is the highest common divisor of 80 and 1265?
5
Calculate the highest common divisor of 1764100 and 12.
4
What is the greatest common divisor of 13549 and 85?
17
Calculate the highest common divisor of 40 and 235160.
40
What is the greatest common factor of 3348972 and 11?
11
What is the highest common divisor of 3 and 1963869?
3
What is the highest common divisor of 273317 and 121?
11
Calculate the highest common divisor of 18016 and 1984.
32
Calculate the highest common divisor of 378 and 3640.
14
Calculate the greatest common divisor of 25 and 55175.
25
What is the highest common factor of 351 and 579969?
117
What is the greatest common divisor of 635661 and 540?
27
Calculate the highest common factor of 2 and 112418.
2
Calculate the highest common divisor of 50 and 445675.
25
What is the highest common divisor of 1452887 and 46?
23
Calculate the highest common factor of 209199 and 9671.
509
Calculate the greatest common factor of 632149 and 266.
133
Calculate the highest common divisor of 55837 and 1.
1
What is the highest common factor of 560201 and 4216?
527
What is the greatest common factor of 4502 and 6?
2
Calculate the highest common divisor of 2667 and 567.
21
What is the greatest common divisor of 161 and 50932?
7
Calculate the highest common divisor of 4375 and 700.
175
Calculate the highest common divisor of 190221 and 5835.
1167
What is the highest common divisor of 13 and 987?
1
What is the greatest common factor of 72071 and 11888?
743
What is the greatest common factor of 10426 and 377?
13
Calculate the highest common divisor of 12812004 and 57.
57
What is the greatest common divisor of 30 and 6220?
10
Calculate the highest common divisor of 352 and 70400.
352
Calculate the highest common divisor of 26442 and 3744.
234
Calculate the highest common divisor of 100 and 153724.
4
Calculate the highest common factor of 87 and 503034.
87
Calculate the highest common divisor of 223541 and 155.
31
Calculate the highest common factor of 8 and 1315096.
8
What is the highest common divisor of 4081 and 10087?
77
Calculate the greatest common divisor of 230150 and 250.
50
What is the highest common divisor of 319 and 21141?
29
What is the greatest common factor of 3380 and 1360?
20
What is the greatest common divisor of 1908 and 2520?
36
Calculate the greatest common divisor of 171790 and 5866.
838
What is the highest common factor of 1395 and 382695?
465
Calculate the greatest common divisor of 1070 and 12530.
10
What is the highest common factor of 894 and 736?
2
Calculate the highest common divisor of 3 and 1354161.
3
What is the greatest common factor of 284 and 42955?
71
What is the highest common factor of 2471 and 1841?
7
What is the highest common factor of 20864 and 16300?
652
Calculate the highest common factor of 22455 and 684.
9
Calculate the highest common factor of 32424 and 1848.
168
What is the highest common divisor of 163975 and 700?
175
What is the highest common divisor of 174 and 7086?
6
Calculate the highest common divisor of 24734 and 77182.
298
What is the greatest common divisor of 3598 and 2114?
14
What is the greatest common factor of 6165 and 13545?
45
What is the greatest common factor of 309 and 2195754?
309
Calculate the highest common factor of 50422 and 7922.
34
Calculate the highest common divisor of 17 and 287759.
17
What is the highest common divisor of 111 and 47471?
37
Calculate the highest common factor of 11637 and 351.
27
Calculate the greatest common divisor of 9909 and 837.
27
What is the greatest common divisor of 469 and 139321?
7
Calculate the greatest common factor of 53388 and 36.
36
Calculate the greatest common divisor of 6230 and 11830.
70
What is the greatest common factor of 2529037 and 49?
49
Calculate the highest common factor of 46864 and 14384.
464
What is the highest common factor of 26 and 944866?
26
Calculate the highest common divisor of 61127 and 803.
11
What is the greatest common divisor of 3042 and 10152?
18
What is the greatest common divisor of 748 and 83336?
44
Calculate the highest common factor of 103598 and 1122.
374
What is the greatest common factor of 66 and 235020?
6
Calculate the highest common divisor of 4464 and 186093.
279
What is the greatest common divisor of 42730 and 30?
10
Calculate the highest common divisor of 323 and 928948.
323
What is the highest common divisor of 44 and 291456?
44
Calculate the greatest common factor of 79526 and 136.
34
Calculate the greatest common divisor of 2273845 and 245.
245
What is the gr